{"id":128,"date":"2022-10-11T07:00:01","date_gmt":"2022-10-11T07:00:01","guid":{"rendered":"https:\/\/viktorvilic.at\/?page_id=128"},"modified":"2022-10-14T10:26:13","modified_gmt":"2022-10-14T10:26:13","slug":"impressum","status":"publish","type":"page","link":"https:\/\/viktorvilic.at\/?page_id=128","title":{"rendered":"Impressum"},"content":{"rendered":"\n<p>Viktor Vilic<br>Seiderstrasse 1<br>4030 Linz<\/p>\n\n\n\n<p>Installationsbetrieb<\/p>\n\n\n\n<p>UID: ATU71913423<\/p>\n\n\n\n<p>Kontakt:<br>office[at]viktorvilic.at<br>+43 676 390 70 23<\/p>\n\n\n\n<p>Inhaber:<br>Viktor Vilic<\/p>\n\n\n\n<p>Mitglied der WK\u00d6, WKO\u00d6<br>Sparte: Sanit\u00e4r-, Heizung- und L\u00fcftungstechniker<\/p>\n","protected":false},"excerpt":{"rendered":"<p>Viktor VilicSeiderstrasse 14030 Linz Installationsbetrieb UID: ATU71913423 Kontakt:office[at]viktorvilic.at+43 676 390 70 23 Inhaber:Viktor Vilic Mitglied der WK\u00d6, WKO\u00d6Sparte: Sanit\u00e4r-, Heizung- und L\u00fcftungstechniker<\/p>\n","protected":false},"author":1,"featured_media":0,"parent":0,"menu_order":0,"comment_status":"closed","ping_status":"closed","template":"template-fullwidth.php","meta":{"_exactmetrics_skip_tracking":false,"_exactmetrics_sitenote_active":false,"_exactmetrics_sitenote_note":"","_exactmetrics_sitenote_category":0,"footnotes":""},"class_list":["post-128","page","type-page","status-publish","hentry"],"wppr_data":{"cwp_meta_box_check":"No"},"_links":{"self":[{"href":"https:\/\/viktorvilic.at\/index.php?rest_route=\/wp\/v2\/pages\/128","targetHints":{"allow":["GET"]}}],"collection":[{"href":"https:\/\/viktorvilic.at\/index.php?rest_route=\/wp\/v2\/pages"}],"about":[{"href":"https:\/\/viktorvilic.at\/index.php?rest_route=\/wp\/v2\/types\/page"}],"author":[{"embeddable":true,"href":"https:\/\/viktorvilic.at\/index.php?rest_route=\/wp\/v2\/users\/1"}],"replies":[{"embeddable":true,"href":"https:\/\/viktorvilic.at\/index.php?rest_route=%2Fwp%2Fv2%2Fcomments&post=128"}],"version-history":[{"count":5,"href":"https:\/\/viktorvilic.at\/index.php?rest_route=\/wp\/v2\/pages\/128\/revisions"}],"predecessor-version":[{"id":154,"href":"https:\/\/viktorvilic.at\/index.php?rest_route=\/wp\/v2\/pages\/128\/revisions\/154"}],"wp:attachment":[{"href":"https:\/\/viktorvilic.at\/index.php?rest_route=%2Fwp%2Fv2%2Fmedia&parent=128"}],"curies":[{"name":"wp","href":"https:\/\/api.w.org\/{rel}","templated":true}]}}

<p>Viktor Vilic<br>Seiderstrasse 1<br>4030 Linz</p>



<p>Installationsbetrieb</p>



<p>UID: ATU71913423</p>



<p>Kontakt:<br>office[at]viktorvilic.at<br>+43 676 390 70 23</p>



<p>Inhaber:<br>Viktor Vilic</p>



<p>Mitglied der WKÖ, WKOÖ<br>Sparte: Sanitär-, Heizung- und Lüftungstechniker</p>

<p>Viktor VilicSeiderstrasse 14030 Linz Installationsbetrieb UID: ATU71913423 Kontakt:office[at]viktorvilic.at+43 676 390 70 23 Inhaber:Viktor Vilic Mitglied der WKÖ, WKOÖSparte: Sanitär-, Heizung- und Lüftungstechniker</p>
